{"id":111,"date":"2018-01-15T21:20:37","date_gmt":"2018-01-15T21:20:37","guid":{"rendered":"http:\/\/www.groupehage.bf\/?page_id=111"},"modified":"2025-11-14T07:16:13","modified_gmt":"2025-11-14T07:16:13","slug":"historique","status":"publish","type":"page","link":"http:\/\/www.groupehage.bf\/?page_id=111","title":{"rendered":"Historique"},"content":{"rendered":"<p><img decoding=\"async\" class=\"alignnone wp-image-113 size-full\" src=\"http:\/\/www.groupehage.bf-content\/uploads\/2018\/01\/BDFBFDBD.png\" alt=\"\" width=\"306\" height=\"40\" srcset=\"http:\/\/www.groupehage.bf\/wp-content\/uploads\/2018\/01\/BDFBFDBD.png 306w, http:\/\/www.groupehage.bf\/wp-content\/uploads\/2018\/01\/BDFBFDBD-300x40.png 300w\" sizes=\"(max-width: 306px) 100vw, 306px\" \/><\/p>\n<p>C\u2019est dans les ann\u00e9es 1968 que Monsieur Joseph HAGE, op\u00e9rateur \u00e9conomique d\u2019origine Libanaise, s\u2019installe au Burkina Faso en qualit\u00e9 de commer\u00e7ant de marchandises diverses.<\/p>\n<p>C\u2019est vers les ann\u00e9es 1975, que Monsieur Joseph HAGE finit par se fixer sur l\u2019importation des mat\u00e9riaux de construction pour r\u00e9pondre \u00e0 la demande sans cesse croissante et vari\u00e9e du pays dont l\u2019\u00e9dification se dessinait au fil du temps.<\/p>\n<p>Inspir\u00e9 par les grandes orientations des diff\u00e9rentes politiques de d\u00e9veloppement d\u2019alors, consistant en des r\u00e9alisations infrastructurelles notamment, constructions d\u2019\u00e9coles, routes, dispensaires, logements, barrages et ouvrages divers, Monsieur Joseph HAGE se professionnalise donc dans la fili\u00e8re de l\u2019importation, la production industrielle, la distribution et la promotion \u00e0 grande \u00e9chelle des mat\u00e9riaux de construction sous l\u2019enseigne \u201cEtablissement HAGE Joseph\u201d de 1975 \u00e0 1983.<\/p>\n<p>En 1984, \u00e0 la faveur des incitations du moment, et pour des raisons de gestion objective des activit\u00e9s commerciales et industrielles \u00e0 travers la m\u00eame personne morale, il cr\u00e9e l\u2019entit\u00e9 suivante : Etablissements HAGE MATERIAUX (activit\u00e9 commerciale).<\/p>\n<p>Pour donner une identit\u00e9 juridique \u00e0 ces diverses activit\u00e9s, il cr\u00e9e en 1990 : la soci\u00e9t\u00e9 EMETAL qui a pour objet, la production industrielle des aciers (fer \u00e0 b\u00e9ton et assimil\u00e9s)<\/p>\n<p>En 1992, Monsieur Joseph HAGE cr\u00e9e :<\/p>\n<p>La soci\u00e9t\u00e9 HAGE METAL qui a pour objet social, la transformation industrielle des m\u00e9taux, la production industrielle de t\u00f4les et \u00e9l\u00e9ments de toiture, de grillage, de pointes, de tubes et profil\u00e9s.\nLa Soci\u00e9t\u00e9 Industrielle Burkinab\u00e9 de Peinture, Colles et colorants (IBPC) avec pour objet, la production industrielle de peintures, colorants, produits chimiques et leurs d\u00e9riv\u00e9s sous le label JESSI.<\/p>\n<p>Arm\u00e9 d\u2019une volont\u00e9 d\u2019expansion de ses activit\u00e9s, il entreprend d\u2019investir dans la sous-r\u00e9gion en rachetant en 1992, au Togo la soci\u00e9t\u00e9 d\u2019Etat : Soci\u00e9t\u00e9 Togolaise de T\u00f4les (SOTOTOLES), dans le cadre de la privatisation de celle-ci. Et lui donne une nouvelle d\u00e9nomination : NOUVELLE SOTOTOLES.<\/p>\n<p>En 1997, l\u2019ensemble des soci\u00e9t\u00e9s (HAGE MATERIAUX, HAGE METAL, EMETAL, IBPC) donna l\u2019appellation GROUPE HAGE.<\/p>\n<p>En 1999, le Groupe HAGE s\u2019engage dans le rachat et la r\u00e9habilitation de l\u2019usine de production de carreaux du Burkina Faso l\u2019Ex-SONACAB. Et lui donne une nouvelle d\u00e9nomination : CERAMIX<\/p>\n<p>Puis en 2001, le GROUPE HAGE rach\u00e8te la Soci\u00e9t\u00e9 Industrielle d\u2019Acier du B\u00e9nin (SIAB) afin de ma\u00eetriser partiellement le march\u00e9 sous-r\u00e9gional des mat\u00e9riaux de construction et faire face \u00e0 la concurrence venant des soci\u00e9t\u00e9s implant\u00e9es dans les espaces portuaires de la sous r\u00e9gion qui s\u2019exacerbait de plus en plus.<\/p>\n<p>En Octobre 2002, face \u00e0 la multiplicit\u00e9 de ses entreprises industrielles, il entreprit la fusion-r\u00e9union des soci\u00e9t\u00e9s bas\u00e9es au Burkina Faso (HAGE M\u00e9tal, EMETAL et IBPC) pour donner corps \u00e0 une (01) grande entreprise multidimensionnelle, \u00e0 savoir :<\/p>\n<p>HAGE INDUSTRIES, S.A. au capital de un milliard cinq cent (1,5) millions de Francs CFA, regroupant l\u2019ensemble des activit\u00e9s industrielles du Groupe au Burkina Faso.<\/p>\n<p>Vu les diff\u00e9rents projets de construction et d\u2019am\u00e9nagement entrepris par le gouvernement burkinab\u00e8, le GROUPE HAGE cr\u00e9\u00e9 en 2007 la soci\u00e9t\u00e9 G\u00e9nie Civil et B\u00e2timent en abr\u00e9g\u00e9 (GE.CIBAT SA) regroupant les activit\u00e9s du b\u00e2timent et des Travaux Publics.<\/p>\n","protected":false},"excerpt":{"rendered":"<p>C\u2019est dans les ann\u00e9es 1968 que Monsieur Joseph HAGE, op\u00e9rateur \u00e9conomique d\u2019origine Libanaise, s\u2019installe au Burkina Faso en qualit\u00e9 de commer\u00e7ant de marchandises diverses. C\u2019est vers les ann\u00e9es 1975, que Monsieur Joseph HAGE finit par se fixer sur l\u2019importation des mat\u00e9riaux de construction pour r\u00e9pondre \u00e0 la demande sans cesse croissante et vari\u00e9e du pays dont l\u2019\u00e9dification se dessinait au fil du temps. Inspir\u00e9 par les grandes orientations des diff\u00e9rentes politiques de d\u00e9veloppement d\u2019alors, consistant en des r\u00e9alisations infrastructurelles notamment, constructions d\u2019\u00e9coles, routes, dispensaires, logements, barrages et ouvrages divers, Monsieur Joseph HAGE se professionnalise donc dans la fili\u00e8re de l\u2019importation, la production industrielle, la distribution et la promotion \u00e0 grande \u00e9chelle des mat\u00e9riaux de construction sous l\u2019enseigne \u201cEtablissement HAGE Joseph\u201d de 1975 \u00e0 1983. En 1984, \u00e0 la faveur des incitations du moment, et pour des raisons de gestion objective des activit\u00e9s commerciales et industrielles \u00e0 travers la m\u00eame personne morale, il cr\u00e9e l\u2019entit\u00e9 suivante : Etablissements HAGE MATERIAUX (activit\u00e9 commerciale). Pour donner une identit\u00e9 juridique \u00e0 ces diverses activit\u00e9s, il cr\u00e9e en 1990 : la soci\u00e9t\u00e9 EMETAL qui a pour objet, la production industrielle des aciers (fer \u00e0 b\u00e9ton et assimil\u00e9s) En 1992, Monsieur Joseph HAGE cr\u00e9e : La&hellip; <a class=\"read-more-link\" href=\"http:\/\/www.groupehage.bf\/?page_id=111\">Read More<\/a><\/p>\n","protected":false},"author":1,"featured_media":0,"parent":0,"menu_order":0,"comment_status":"closed","ping_status":"closed","template":"","meta":{"footnotes":""},"class_list":["post-111","page","type-page","status-publish","hentry"],"_links":{"self":[{"href":"http:\/\/www.groupehage.bf\/index.php?rest_route=\/wp\/v2\/pages\/111","targetHints":{"allow":["GET"]}}],"collection":[{"href":"http:\/\/www.groupehage.bf\/index.php?rest_route=\/wp\/v2\/pages"}],"about":[{"href":"http:\/\/www.groupehage.bf\/index.php?rest_route=\/wp\/v2\/types\/page"}],"author":[{"embeddable":true,"href":"http:\/\/www.groupehage.bf\/index.php?rest_route=\/wp\/v2\/users\/1"}],"replies":[{"embeddable":true,"href":"http:\/\/www.groupehage.bf\/index.php?rest_route=%2Fwp%2Fv2%2Fcomments&post=111"}],"version-history":[{"count":2,"href":"http:\/\/www.groupehage.bf\/index.php?rest_route=\/wp\/v2\/pages\/111\/revisions"}],"predecessor-version":[{"id":114,"href":"http:\/\/www.groupehage.bf\/index.php?rest_route=\/wp\/v2\/pages\/111\/revisions\/114"}],"wp:attachment":[{"href":"http:\/\/www.groupehage.bf\/index.php?rest_route=%2Fwp%2Fv2%2Fmedia&parent=111"}],"curies":[{"name":"wp","href":"https:\/\/api.w.org\/{rel}","templated":true}]}}