{"id":366,"date":"2018-01-19T19:17:14","date_gmt":"2018-01-19T19:17:14","guid":{"rendered":"http:\/\/www.groupehage.bf\/?page_id=366"},"modified":"2025-11-14T07:16:13","modified_gmt":"2025-11-14T07:16:13","slug":"electricite","status":"publish","type":"page","link":"http:\/\/www.groupehage.bf\/?page_id=366","title":{"rendered":"\u00c9lectricit\u00e9"},"content":{"rendered":"<p>L\u2019installation d\u2019\u00e9quipements \u00e9lectriques fait partie du second \u0153uvre du b\u00e2timent. Afin de garantir une conformit\u00e9, les travaux en \u00e9lectricit\u00e9 doivent \u00eatre r\u00e9alis\u00e9s dans les r\u00e8gles de l\u2019art. <strong>La section \u00c9lectricit\u00e9 du Centre Commercial<\/strong> du groupe HAGE vous\u00a0 propose des articles pour le <strong>c\u00e2blage \u00e9lectrique, remplacer un tableau \u00e9lectrique ou poser un \u00e9clairage \u00e9lectrique int\u00e9rieur comme ext\u00e9rieur, une sonnette de porte d\u2019entr\u00e9e ou encore installer une VMC double flux, des Interrupteurs et prises \u00e9lectriques, disjoncteurs, tableaux de raccordement et pose de fils \u00e9lectriques, les luminaires&#8230;.<\/strong><\/p>\n<p><img fetchpriority=\"high\" decoding=\"async\" class=\"alignnone size-full wp-image-591\" src=\"http:\/\/www.groupehage.bf-content\/uploads\/2018\/02\/17799154_743045552543087_4826946768664259617_n.jpg\" alt=\"\" width=\"960\" height=\"541\" srcset=\"http:\/\/www.groupehage.bf\/wp-content\/uploads\/2018\/02\/17799154_743045552543087_4826946768664259617_n.jpg 960w, http:\/\/www.groupehage.bf\/wp-content\/uploads\/2018\/02\/17799154_743045552543087_4826946768664259617_n-600x338.jpg 600w, http:\/\/www.groupehage.bf\/wp-content\/uploads\/2018\/02\/17799154_743045552543087_4826946768664259617_n-300x169.jpg 300w, http:\/\/www.groupehage.bf\/wp-content\/uploads\/2018\/02\/17799154_743045552543087_4826946768664259617_n-768x433.jpg 768w\" sizes=\"(max-width: 960px) 100vw, 960px\" \/> <img decoding=\"async\" class=\"alignnone size-full wp-image-592\" src=\"http:\/\/www.groupehage.bf-content\/uploads\/2018\/02\/GEREGE.jpg\" alt=\"\" width=\"960\" height=\"720\" srcset=\"http:\/\/www.groupehage.bf\/wp-content\/uploads\/2018\/02\/GEREGE.jpg 960w, http:\/\/www.groupehage.bf\/wp-content\/uploads\/2018\/02\/GEREGE-600x450.jpg 600w, http:\/\/www.groupehage.bf\/wp-content\/uploads\/2018\/02\/GEREGE-300x225.jpg 300w, http:\/\/www.groupehage.bf\/wp-content\/uploads\/2018\/02\/GEREGE-768x576.jpg 768w\" sizes=\"(max-width: 960px) 100vw, 960px\" \/><img decoding=\"async\" class=\"alignnone size-full wp-image-594\" src=\"http:\/\/www.groupehage.bf-content\/uploads\/2018\/02\/RNRNRNR.jpg\" alt=\"\" width=\"960\" height=\"540\" srcset=\"http:\/\/www.groupehage.bf\/wp-content\/uploads\/2018\/02\/RNRNRNR.jpg 960w, http:\/\/www.groupehage.bf\/wp-content\/uploads\/2018\/02\/RNRNRNR-600x338.jpg 600w, http:\/\/www.groupehage.bf\/wp-content\/uploads\/2018\/02\/RNRNRNR-300x169.jpg 300w, http:\/\/www.groupehage.bf\/wp-content\/uploads\/2018\/02\/RNRNRNR-768x432.jpg 768w\" sizes=\"(max-width: 960px) 100vw, 960px\" \/><img loading=\"lazy\" decoding=\"async\" class=\"alignnone size-full wp-image-593\" src=\"http:\/\/www.groupehage.bf-content\/uploads\/2018\/02\/GGGGEG.jpg\" alt=\"\" width=\"960\" height=\"720\" srcset=\"http:\/\/www.groupehage.bf\/wp-content\/uploads\/2018\/02\/GGGGEG.jpg 960w, http:\/\/www.groupehage.bf\/wp-content\/uploads\/2018\/02\/GGGGEG-600x450.jpg 600w, http:\/\/www.groupehage.bf\/wp-content\/uploads\/2018\/02\/GGGGEG-300x225.jpg 300w, http:\/\/www.groupehage.bf\/wp-content\/uploads\/2018\/02\/GGGGEG-768x576.jpg 768w\" sizes=\"(max-width: 960px) 100vw, 960px\" \/><img loading=\"lazy\" decoding=\"async\" class=\"alignnone size-full wp-image-586\" src=\"http:\/\/www.groupehage.bf-content\/uploads\/2018\/02\/EGERER.jpg\" alt=\"\" width=\"960\" height=\"541\" srcset=\"http:\/\/www.groupehage.bf\/wp-content\/uploads\/2018\/02\/EGERER.jpg 960w, http:\/\/www.groupehage.bf\/wp-content\/uploads\/2018\/02\/EGERER-600x338.jpg 600w, http:\/\/www.groupehage.bf\/wp-content\/uploads\/2018\/02\/EGERER-300x169.jpg 300w, http:\/\/www.groupehage.bf\/wp-content\/uploads\/2018\/02\/EGERER-768x433.jpg 768w\" sizes=\"(max-width: 960px) 100vw, 960px\" \/><\/p>\n","protected":false},"excerpt":{"rendered":"<p>L\u2019installation d\u2019\u00e9quipements \u00e9lectriques fait partie du second \u0153uvre du b\u00e2timent. Afin de garantir une conformit\u00e9, les travaux en \u00e9lectricit\u00e9 doivent \u00eatre r\u00e9alis\u00e9s dans les r\u00e8gles de l\u2019art. La section \u00c9lectricit\u00e9 du Centre Commercial du groupe HAGE vous\u00a0 propose des articles pour le c\u00e2blage \u00e9lectrique, remplacer un tableau \u00e9lectrique ou poser un \u00e9clairage \u00e9lectrique int\u00e9rieur comme ext\u00e9rieur, une sonnette de porte d\u2019entr\u00e9e ou encore installer une VMC double flux, des Interrupteurs et prises \u00e9lectriques, disjoncteurs, tableaux de raccordement et pose de fils \u00e9lectriques, les luminaires&#8230;.<\/p>\n","protected":false},"author":1,"featured_media":0,"parent":0,"menu_order":0,"comment_status":"closed","ping_status":"closed","template":"","meta":{"footnotes":""},"class_list":["post-366","page","type-page","status-publish","hentry"],"_links":{"self":[{"href":"http:\/\/www.groupehage.bf\/index.php?rest_route=\/wp\/v2\/pages\/366","targetHints":{"allow":["GET"]}}],"collection":[{"href":"http:\/\/www.groupehage.bf\/index.php?rest_route=\/wp\/v2\/pages"}],"about":[{"href":"http:\/\/www.groupehage.bf\/index.php?rest_route=\/wp\/v2\/types\/page"}],"author":[{"embeddable":true,"href":"http:\/\/www.groupehage.bf\/index.php?rest_route=\/wp\/v2\/users\/1"}],"replies":[{"embeddable":true,"href":"http:\/\/www.groupehage.bf\/index.php?rest_route=%2Fwp%2Fv2%2Fcomments&post=366"}],"version-history":[{"count":5,"href":"http:\/\/www.groupehage.bf\/index.php?rest_route=\/wp\/v2\/pages\/366\/revisions"}],"predecessor-version":[{"id":595,"href":"http:\/\/www.groupehage.bf\/index.php?rest_route=\/wp\/v2\/pages\/366\/revisions\/595"}],"wp:attachment":[{"href":"http:\/\/www.groupehage.bf\/index.php?rest_route=%2Fwp%2Fv2%2Fmedia&parent=366"}],"curies":[{"name":"wp","href":"https:\/\/api.w.org\/{rel}","templated":true}]}}