{"id":373,"date":"2018-01-19T19:20:26","date_gmt":"2018-01-19T19:20:26","guid":{"rendered":"http:\/\/www.groupehage.bf\/?page_id=373"},"modified":"2025-11-14T07:16:13","modified_gmt":"2025-11-14T07:16:13","slug":"sanitaire","status":"publish","type":"page","link":"http:\/\/www.groupehage.bf\/?page_id=373","title":{"rendered":"Sanitaire"},"content":{"rendered":"<p>D\u00e9couvrez nos id\u00e9es pour transformer votre salle &amp; choisir les meilleurs solutions, plans &amp; \u00e9quipement douche, baignoire, carrelage, rangement, lavabo&#8230;<\/p>\n<p>&nbsp;<\/p>\n<p><img fetchpriority=\"high\" decoding=\"async\" class=\"alignnone size-full wp-image-616\" src=\"http:\/\/www.groupehage.bf-content\/uploads\/2018\/02\/18486162_766589330188709_8306053984953271615_n.jpg\" alt=\"\" width=\"960\" height=\"541\" srcset=\"http:\/\/www.groupehage.bf\/wp-content\/uploads\/2018\/02\/18486162_766589330188709_8306053984953271615_n.jpg 960w, http:\/\/www.groupehage.bf\/wp-content\/uploads\/2018\/02\/18486162_766589330188709_8306053984953271615_n-600x338.jpg 600w, http:\/\/www.groupehage.bf\/wp-content\/uploads\/2018\/02\/18486162_766589330188709_8306053984953271615_n-300x169.jpg 300w, http:\/\/www.groupehage.bf\/wp-content\/uploads\/2018\/02\/18486162_766589330188709_8306053984953271615_n-768x433.jpg 768w\" sizes=\"(max-width: 960px) 100vw, 960px\" \/><img decoding=\"async\" class=\"alignnone size-full wp-image-617\" src=\"http:\/\/www.groupehage.bf-content\/uploads\/2018\/02\/18485793_766589296855379_8837412640009183617_n.jpg\" alt=\"\" width=\"960\" height=\"541\" srcset=\"http:\/\/www.groupehage.bf\/wp-content\/uploads\/2018\/02\/18485793_766589296855379_8837412640009183617_n.jpg 960w, http:\/\/www.groupehage.bf\/wp-content\/uploads\/2018\/02\/18485793_766589296855379_8837412640009183617_n-600x338.jpg 600w, http:\/\/www.groupehage.bf\/wp-content\/uploads\/2018\/02\/18485793_766589296855379_8837412640009183617_n-300x169.jpg 300w, http:\/\/www.groupehage.bf\/wp-content\/uploads\/2018\/02\/18485793_766589296855379_8837412640009183617_n-768x433.jpg 768w\" sizes=\"(max-width: 960px) 100vw, 960px\" \/><img decoding=\"async\" class=\"alignnone size-full wp-image-618\" src=\"http:\/\/www.groupehage.bf-content\/uploads\/2018\/02\/18557128_766589276855381_3801535221492227398_n.jpg\" alt=\"\" width=\"960\" height=\"541\" srcset=\"http:\/\/www.groupehage.bf\/wp-content\/uploads\/2018\/02\/18557128_766589276855381_3801535221492227398_n.jpg 960w, http:\/\/www.groupehage.bf\/wp-content\/uploads\/2018\/02\/18557128_766589276855381_3801535221492227398_n-600x338.jpg 600w, http:\/\/www.groupehage.bf\/wp-content\/uploads\/2018\/02\/18557128_766589276855381_3801535221492227398_n-300x169.jpg 300w, http:\/\/www.groupehage.bf\/wp-content\/uploads\/2018\/02\/18557128_766589276855381_3801535221492227398_n-768x433.jpg 768w\" sizes=\"(max-width: 960px) 100vw, 960px\" \/><\/p>\n<p>&nbsp;<\/p>\n<p>&nbsp;<\/p>\n","protected":false},"excerpt":{"rendered":"<p>D\u00e9couvrez nos id\u00e9es pour transformer votre salle &amp; choisir les meilleurs solutions, plans &amp; \u00e9quipement douche, baignoire, carrelage, rangement, lavabo&#8230; &nbsp; &nbsp; &nbsp;<\/p>\n","protected":false},"author":1,"featured_media":0,"parent":0,"menu_order":0,"comment_status":"closed","ping_status":"closed","template":"","meta":{"footnotes":""},"class_list":["post-373","page","type-page","status-publish","hentry"],"_links":{"self":[{"href":"http:\/\/www.groupehage.bf\/index.php?rest_route=\/wp\/v2\/pages\/373","targetHints":{"allow":["GET"]}}],"collection":[{"href":"http:\/\/www.groupehage.bf\/index.php?rest_route=\/wp\/v2\/pages"}],"about":[{"href":"http:\/\/www.groupehage.bf\/index.php?rest_route=\/wp\/v2\/types\/page"}],"author":[{"embeddable":true,"href":"http:\/\/www.groupehage.bf\/index.php?rest_route=\/wp\/v2\/users\/1"}],"replies":[{"embeddable":true,"href":"http:\/\/www.groupehage.bf\/index.php?rest_route=%2Fwp%2Fv2%2Fcomments&post=373"}],"version-history":[{"count":4,"href":"http:\/\/www.groupehage.bf\/index.php?rest_route=\/wp\/v2\/pages\/373\/revisions"}],"predecessor-version":[{"id":626,"href":"http:\/\/www.groupehage.bf\/index.php?rest_route=\/wp\/v2\/pages\/373\/revisions\/626"}],"wp:attachment":[{"href":"http:\/\/www.groupehage.bf\/index.php?rest_route=%2Fwp%2Fv2%2Fmedia&parent=373"}],"curies":[{"name":"wp","href":"https:\/\/api.w.org\/{rel}","templated":true}]}}