{"id":45,"date":"2018-01-13T12:49:25","date_gmt":"2018-01-13T12:49:25","guid":{"rendered":"http:\/\/www.groupehage.bf\/?page_id=45"},"modified":"2025-11-14T07:16:13","modified_gmt":"2025-11-14T07:16:13","slug":"siab","status":"publish","type":"page","link":"http:\/\/www.groupehage.bf\/?page_id=45","title":{"rendered":"SIAB"},"content":{"rendered":"<p><img fetchpriority=\"high\" decoding=\"async\" class=\"size-full wp-image-47 alignleft\" src=\"http:\/\/www.groupehage.bf-content\/uploads\/2018\/01\/siab.jpg\" alt=\"\" width=\"279\" height=\"209\" \/>La Soci\u00e9t\u00e9 Industrielle d\u2019Acier du B\u00e9nin en abr\u00e9viation SIAB, est une soci\u00e9t\u00e9 sp\u00e9cialis\u00e9e dans la production et la transformation des produits sid\u00e9rurgiques.\nSitu\u00e9 au PK 13 route de Porto-Novo, la SIAB est \u00e9rig\u00e9e sur un domaine de 35 000m\u00b2.<\/p>\n<p>GAMME DE PRODUITS<\/p>\n<p>La gamme de produits propos\u00e9s par la SIAB est tr\u00e8s diversifi\u00e9e et conforme aux normes internationales.\nCette gamme de produits est compos\u00e9e de :<\/p>\n<p>\u2022 Fers \u00e0 b\u00e9ton\n\u2022 Profil\u00e9s\n\u2022 T\u00f4les et \u00e9l\u00e9ments de toitures\n\u2022 Portes m\u00e9talliques\n\u2022 B\u00e9tonni\u00e8res\n\u2022 Etc.<\/p>\n<p>En plus de ces produits, la SIAB assure la commercialisation de divers produits des autres filiales du groupe auquel elle appartient tels que :<\/p>\n<p>\u2022 Les corni\u00e8res,\n\u2022 les tubes ronds et tubes carr\u00e9s lamin\u00e9s \u00e0 froid et \u00e0 chaud,\n\u2022 les tubes et fils de fer galvanis\u00e9s,\n\u2022 les lames persiennes,\n\u2022 les fers plats,\n\u2022 les barres U ouverts\n\u2022 Etc.<\/p>\n<p>Forte de plusieurs ann\u00e9es d\u2019exp\u00e9rience, la Soci\u00e9t\u00e9 Industrielle d\u2019Acier du B\u00e9nin compte parmi les entreprises les plus d\u00e9velopp\u00e9es de son domaine au B\u00e9nin.\nGr\u00e2ce \u00e0 ses unit\u00e9s de production et de transformation, SIAB est connue pour ses produits de qualit\u00e9 \u00e0 la fois bonne, r\u00e9sistante et constante.<\/p>\n<p>PRESENCE A L\u2019ETRANGER\nSIAB commercialise ses produits sur plusieurs pays, principalement : Guin\u00e9e Equatoriale, Niger et Tchad<\/p>\n<p>DELAIS\nVu sa capacit\u00e9 de production importante, et la flexibilit\u00e9 de ses unit\u00e9s de production, la SIAB est capable de r\u00e9pondre \u00e0 la plupart des commandes clients avec des d\u00e9lais de livraison tr\u00e8s r\u00e9duits.<\/p>\n<p><img decoding=\"async\" class=\"alignnone wp-image-46 size-full\" src=\"http:\/\/www.groupehage.bf-content\/uploads\/2018\/01\/EZFFZFERFR.jpg\" alt=\"\" width=\"543\" height=\"52\" srcset=\"http:\/\/www.groupehage.bf\/wp-content\/uploads\/2018\/01\/EZFFZFERFR.jpg 543w, http:\/\/www.groupehage.bf\/wp-content\/uploads\/2018\/01\/EZFFZFERFR-300x29.jpg 300w\" sizes=\"(max-width: 543px) 100vw, 543px\" \/><\/p>\n","protected":false},"excerpt":{"rendered":"<p>La Soci\u00e9t\u00e9 Industrielle d\u2019Acier du B\u00e9nin en abr\u00e9viation SIAB, est une soci\u00e9t\u00e9 sp\u00e9cialis\u00e9e dans la production et la transformation des produits sid\u00e9rurgiques. Situ\u00e9 au PK 13 route de Porto-Novo, la SIAB est \u00e9rig\u00e9e sur un domaine de 35 000m\u00b2. GAMME DE PRODUITS La gamme de produits propos\u00e9s par la SIAB est tr\u00e8s diversifi\u00e9e et conforme aux normes internationales. Cette gamme de produits est compos\u00e9e de : \u2022 Fers \u00e0 b\u00e9ton \u2022 Profil\u00e9s \u2022 T\u00f4les et \u00e9l\u00e9ments de toitures \u2022 Portes m\u00e9talliques \u2022 B\u00e9tonni\u00e8res \u2022 Etc. En plus de ces produits, la SIAB assure la commercialisation de divers produits des autres filiales du groupe auquel elle appartient tels que : \u2022 Les corni\u00e8res, \u2022 les tubes ronds et tubes carr\u00e9s lamin\u00e9s \u00e0 froid et \u00e0 chaud, \u2022 les tubes et fils de fer galvanis\u00e9s, \u2022 les lames persiennes, \u2022 les fers plats, \u2022 les barres U ouverts \u2022 Etc. Forte de plusieurs ann\u00e9es d\u2019exp\u00e9rience, la Soci\u00e9t\u00e9 Industrielle d\u2019Acier du B\u00e9nin compte parmi les entreprises les plus d\u00e9velopp\u00e9es de son domaine au B\u00e9nin. Gr\u00e2ce \u00e0 ses unit\u00e9s de production et de transformation, SIAB est connue pour ses produits de qualit\u00e9 \u00e0 la fois bonne, r\u00e9sistante et constante. PRESENCE A L\u2019ETRANGER SIAB commercialise&hellip; <a class=\"read-more-link\" href=\"http:\/\/www.groupehage.bf\/?page_id=45\">Read More<\/a><\/p>\n","protected":false},"author":1,"featured_media":0,"parent":0,"menu_order":0,"comment_status":"closed","ping_status":"closed","template":"","meta":{"footnotes":""},"class_list":["post-45","page","type-page","status-publish","hentry"],"_links":{"self":[{"href":"http:\/\/www.groupehage.bf\/index.php?rest_route=\/wp\/v2\/pages\/45","targetHints":{"allow":["GET"]}}],"collection":[{"href":"http:\/\/www.groupehage.bf\/index.php?rest_route=\/wp\/v2\/pages"}],"about":[{"href":"http:\/\/www.groupehage.bf\/index.php?rest_route=\/wp\/v2\/types\/page"}],"author":[{"embeddable":true,"href":"http:\/\/www.groupehage.bf\/index.php?rest_route=\/wp\/v2\/users\/1"}],"replies":[{"embeddable":true,"href":"http:\/\/www.groupehage.bf\/index.php?rest_route=%2Fwp%2Fv2%2Fcomments&post=45"}],"version-history":[{"count":5,"href":"http:\/\/www.groupehage.bf\/index.php?rest_route=\/wp\/v2\/pages\/45\/revisions"}],"predecessor-version":[{"id":101,"href":"http:\/\/www.groupehage.bf\/index.php?rest_route=\/wp\/v2\/pages\/45\/revisions\/101"}],"wp:attachment":[{"href":"http:\/\/www.groupehage.bf\/index.php?rest_route=%2Fwp%2Fv2%2Fmedia&parent=45"}],"curies":[{"name":"wp","href":"https:\/\/api.w.org\/{rel}","templated":true}]}}