{"id":282,"date":"2018-01-18T11:53:07","date_gmt":"2018-01-18T11:53:07","guid":{"rendered":"http:\/\/www.groupehage.bf\/?post_type=product&#038;p=282"},"modified":"2018-01-18T11:53:07","modified_gmt":"2018-01-18T11:53:07","slug":"fers-a-beton-torsades","status":"publish","type":"product","link":"http:\/\/www.groupehage.bf\/?product=fers-a-beton-torsades","title":{"rendered":"Fers \u00e0 b\u00e9ton torsad\u00e9s"},"content":{"rendered":"<p><img decoding=\"async\" class=\"alignnone wp-image-280 size-full\" src=\"http:\/\/www.groupehage.bf-content\/uploads\/2018\/01\/sototoles-17022011113818-specificationsfersabeton.png\" alt=\"\" width=\"420\" height=\"109\" srcset=\"http:\/\/www.groupehage.bf\/wp-content\/uploads\/2018\/01\/sototoles-17022011113818-specificationsfersabeton.png 420w, http:\/\/www.groupehage.bf\/wp-content\/uploads\/2018\/01\/sototoles-17022011113818-specificationsfersabeton-300x78.png 300w\" sizes=\"(max-width: 420px) 100vw, 420px\" \/><\/p>\n","protected":false},"excerpt":{"rendered":"","protected":false},"featured_media":0,"comment_status":"open","ping_status":"closed","template":"","meta":[],"product_brand":[],"product_cat":[37],"product_tag":[],"class_list":{"0":"post-282","1":"product","2":"type-product","3":"status-publish","5":"product_cat-fers-a-beton","7":"first","8":"instock","9":"shipping-taxable","10":"product-type-simple"},"_links":{"self":[{"href":"http:\/\/www.groupehage.bf\/index.php?rest_route=\/wp\/v2\/product\/282","targetHints":{"allow":["GET"]}}],"collection":[{"href":"http:\/\/www.groupehage.bf\/index.php?rest_route=\/wp\/v2\/product"}],"about":[{"href":"http:\/\/www.groupehage.bf\/index.php?rest_route=\/wp\/v2\/types\/product"}],"replies":[{"embeddable":true,"href":"http:\/\/www.groupehage.bf\/index.php?rest_route=%2Fwp%2Fv2%2Fcomments&post=282"}],"version-history":[{"count":0,"href":"http:\/\/www.groupehage.bf\/index.php?rest_route=\/wp\/v2\/product\/282\/revisions"}],"wp:attachment":[{"href":"http:\/\/www.groupehage.bf\/index.php?rest_route=%2Fwp%2Fv2%2Fmedia&parent=282"}],"wp:term":[{"taxonomy":"product_brand","embeddable":true,"href":"http:\/\/www.groupehage.bf\/index.php?rest_route=%2Fwp%2Fv2%2Fproduct_brand&post=282"},{"taxonomy":"product_cat","embeddable":true,"href":"http:\/\/www.groupehage.bf\/index.php?rest_route=%2Fwp%2Fv2%2Fproduct_cat&post=282"},{"taxonomy":"product_tag","embeddable":true,"href":"http:\/\/www.groupehage.bf\/index.php?rest_route=%2Fwp%2Fv2%2Fproduct_tag&post=282"}],"curies":[{"name":"wp","href":"https:\/\/api.w.org\/{rel}","templated":true}]}}