{"id":285,"date":"2018-01-18T14:03:07","date_gmt":"2018-01-18T14:03:07","guid":{"rendered":"http:\/\/www.groupehage.bf\/?post_type=product&#038;p=285"},"modified":"2018-01-18T14:19:50","modified_gmt":"2018-01-18T14:19:50","slug":"ascenceur-de-passager","status":"publish","type":"product","link":"http:\/\/www.groupehage.bf\/?product=ascenceur-de-passager","title":{"rendered":"Ascenceur de passager"},"content":{"rendered":"<p>Les ascenseurs doivent \u00eatre produites selon les calculs de la circulation effectu\u00e9s au cours de projet de construction et des projets pr\u00e9liminaires.<\/p>\n<p>Vitesse de l&rsquo;ascenseur de 2 \u00e0 20 personnes est pr\u00e9f\u00e9rable selon la hauteur du b\u00e2timent de 0,63 m \/ s \u00e0 2,5 m \/ s ou plus. Confort et d\u00e9coration de passagers ascenseur est important. Lamifi\u00e9, bois, acier inoxydable et verre feuillet\u00e9 peuvent \u00eatre choisis pour la d\u00e9coration int\u00e9rieure de la cabine d&rsquo;ascenseur. Syst\u00e8mes semi-automatique, enti\u00e8rement automatique et hydrauliques sont pr\u00e9f\u00e9rables pour les ascenseurs.<\/p>\n<p>Caract\u00e9ristiques\u00a0: 320 &#8211; 1200 kg, vitesse 0.65 &#8211; 2m\/sec<\/p>\n","protected":false},"excerpt":{"rendered":"<p>Caract\u00e9ristiques\u00a0: 320 &#8211; 1200 kg, vitesse 0.65 &#8211; 2m\/sec<\/p>\n","protected":false},"featured_media":0,"comment_status":"open","ping_status":"closed","template":"","meta":[],"product_brand":[],"product_cat":[40],"product_tag":[],"class_list":{"0":"post-285","1":"product","2":"type-product","3":"status-publish","5":"product_cat-ascenseurs","7":"first","8":"instock","9":"shipping-taxable","10":"product-type-simple"},"_links":{"self":[{"href":"http:\/\/www.groupehage.bf\/index.php?rest_route=\/wp\/v2\/product\/285","targetHints":{"allow":["GET"]}}],"collection":[{"href":"http:\/\/www.groupehage.bf\/index.php?rest_route=\/wp\/v2\/product"}],"about":[{"href":"http:\/\/www.groupehage.bf\/index.php?rest_route=\/wp\/v2\/types\/product"}],"replies":[{"embeddable":true,"href":"http:\/\/www.groupehage.bf\/index.php?rest_route=%2Fwp%2Fv2%2Fcomments&post=285"}],"version-history":[{"count":1,"href":"http:\/\/www.groupehage.bf\/index.php?rest_route=\/wp\/v2\/product\/285\/revisions"}],"predecessor-version":[{"id":291,"href":"http:\/\/www.groupehage.bf\/index.php?rest_route=\/wp\/v2\/product\/285\/revisions\/291"}],"wp:attachment":[{"href":"http:\/\/www.groupehage.bf\/index.php?rest_route=%2Fwp%2Fv2%2Fmedia&parent=285"}],"wp:term":[{"taxonomy":"product_brand","embeddable":true,"href":"http:\/\/www.groupehage.bf\/index.php?rest_route=%2Fwp%2Fv2%2Fproduct_brand&post=285"},{"taxonomy":"product_cat","embeddable":true,"href":"http:\/\/www.groupehage.bf\/index.php?rest_route=%2Fwp%2Fv2%2Fproduct_cat&post=285"},{"taxonomy":"product_tag","embeddable":true,"href":"http:\/\/www.groupehage.bf\/index.php?rest_route=%2Fwp%2Fv2%2Fproduct_tag&post=285"}],"curies":[{"name":"wp","href":"https:\/\/api.w.org\/{rel}","templated":true}]}}