{"id":295,"date":"2018-01-18T15:13:45","date_gmt":"2018-01-18T15:13:45","guid":{"rendered":"http:\/\/www.groupehage.bf\/?post_type=product&#038;p=295"},"modified":"2018-01-18T15:13:45","modified_gmt":"2018-01-18T15:13:45","slug":"faux-plafond-en-pvc","status":"publish","type":"product","link":"http:\/\/www.groupehage.bf\/?product=faux-plafond-en-pvc","title":{"rendered":"Faux plafond en PVC"},"content":{"rendered":"<p>La structure qui accueille le lambris PVC est con\u00e7ue avec des suspentes m\u00e9talliques fix\u00e9es au plafond.<\/p>\n<p>Elles soutiendront des profils en acier galvanis\u00e9 qui seront espac\u00e9s de 60 cm environ, et formant un quadrillage.<\/p>\n<p>On trouve deux types de lambris en PVC :<\/p>\n<p>Le lambris non-embo\u00eetable : Il sera g\u00e9n\u00e9ralement vendu en tr\u00e8s longue baguette pouvant aller jusqu\u2019\u00e0 6 m\u00e8tres qu\u2019il vous faudra d\u00e9couper \u00e0 la taille souhait\u00e9e.\nLe lambris embo\u00eetable : Chaque baguette peut s\u2019embo\u00eeter \u00e0 l\u2019autre. G\u00e9n\u00e9ralement elles sont de taille standard avec 2,60 m\u00e8tres, mais il est \u00e9galement possible d\u2019en trouver dont la longueur peut aller jusqu\u2019\u00e0 6 m de long.<\/p>\n<p>L\u2019\u00e9paisseur est toujours de 10 millim\u00e8tres, et le lambris se d\u00e9cline en de diff\u00e9rentes largeurs, plus pr\u00e9cis\u00e9ment en 19, 25, ou 38 centim\u00e8tres.<\/p>\n<p><strong>Les avantages du faux plafond en PVC<\/strong><\/p>\n<p>Esth\u00e9tique : Dans un premier temps, si le faux plafond en PVC conna\u00eet actuellement un tel succ\u00e8s, c\u2019est parce qu\u2019il est capable d\u2019apporter une tr\u00e8s belle esth\u00e9tique \u00e0 la pi\u00e8ce dans laquelle est il install\u00e9. Gr\u00e2ce \u00e0 son effet brillant et sa d\u00e9clinaison en de nombreux coloris, il vous sera tout \u00e0 fait possible de disposer d\u2019une pi\u00e8ce enti\u00e8rement \u00e0 votre image.\nInstallation : Pour installer un faux plafond en PVC, vous n\u2019avez aucune difficult\u00e9 particuli\u00e8re \u00e0 craindre puisque ce type de projet est tout \u00e0 fait accessible m\u00eame aux d\u00e9butants. Concr\u00e8tement, vous aurez simplement \u00e0 visser ou clouer le lambris en PVC sur les rails m\u00e9talliques, ce qui ne vous prendra que quelques secondes par planche.\nR\u00e9sistance : Le PVC est un mat\u00e9riau ultra r\u00e9sistant \u00e0 l\u2019humidit\u00e9 et \u00e0 l\u2019usure du temps. Ainsi, en optant pour une telle mati\u00e8re, vous aurez la garantie que votre faux plafond pourra rester comme neuf pendant de nombreuses ann\u00e9es sans jamais montrer la moindre trace de fatigue qui soit.<\/p>\n","protected":false},"excerpt":{"rendered":"<p>Chacun de ces mat\u00e9riaux a ses avantages et ses inconv\u00e9nients, mais si vous \u00eates \u00e0 la recherche d\u2019un faux plafond r\u00e9sistant et imperm\u00e9able, alors le\u00a0<strong>faux plafond en PVC<\/strong>\u00a0peut\u00a0tout \u00e0 fait \u00eatre la solution.<\/p>\n","protected":false},"featured_media":0,"comment_status":"open","ping_status":"closed","template":"","meta":[],"product_brand":[],"product_cat":[38],"product_tag":[],"class_list":{"0":"post-295","1":"product","2":"type-product","3":"status-publish","5":"product_cat-faux-plafonds","7":"first","8":"instock","9":"shipping-taxable","10":"product-type-simple"},"_links":{"self":[{"href":"http:\/\/www.groupehage.bf\/index.php?rest_route=\/wp\/v2\/product\/295","targetHints":{"allow":["GET"]}}],"collection":[{"href":"http:\/\/www.groupehage.bf\/index.php?rest_route=\/wp\/v2\/product"}],"about":[{"href":"http:\/\/www.groupehage.bf\/index.php?rest_route=\/wp\/v2\/types\/product"}],"replies":[{"embeddable":true,"href":"http:\/\/www.groupehage.bf\/index.php?rest_route=%2Fwp%2Fv2%2Fcomments&post=295"}],"version-history":[{"count":0,"href":"http:\/\/www.groupehage.bf\/index.php?rest_route=\/wp\/v2\/product\/295\/revisions"}],"wp:attachment":[{"href":"http:\/\/www.groupehage.bf\/index.php?rest_route=%2Fwp%2Fv2%2Fmedia&parent=295"}],"wp:term":[{"taxonomy":"product_brand","embeddable":true,"href":"http:\/\/www.groupehage.bf\/index.php?rest_route=%2Fwp%2Fv2%2Fproduct_brand&post=295"},{"taxonomy":"product_cat","embeddable":true,"href":"http:\/\/www.groupehage.bf\/index.php?rest_route=%2Fwp%2Fv2%2Fproduct_cat&post=295"},{"taxonomy":"product_tag","embeddable":true,"href":"http:\/\/www.groupehage.bf\/index.php?rest_route=%2Fwp%2Fv2%2Fproduct_tag&post=295"}],"curies":[{"name":"wp","href":"https:\/\/api.w.org\/{rel}","templated":true}]}}