{"id":107,"date":"2018-01-15T21:16:45","date_gmt":"2018-01-15T21:16:45","guid":{"rendered":"http:\/\/www.groupehage.bf\/?page_id=107"},"modified":"2025-11-14T07:16:13","modified_gmt":"2025-11-14T07:16:13","slug":"contacts","status":"publish","type":"page","link":"https:\/\/www.groupehage.bf\/?page_id=107","title":{"rendered":"Contacts"},"content":{"rendered":"<p><strong>Direction G\u00e9n\u00e9rale<\/strong><\/p>\n<p>263, avenue de Bassawarga, 01 BP 915. Ouagadougou \u2013 Burkina Faso<\/p>\n<p>HAGE INDUSTRIE\/HAGE MATERIAUX\ncommercial@groupehage.bf\n25 30 68 28\/33<\/p>\n<p>CENTRE COMMERCIAL\ncentre.commercial@groupehage.bf\n25 30 10 45\/46\nTelecopie: 25 30 86 51<\/p>\n<p>SIAB Cotonou, B\u00e9nin T\u00e9l: +229 20240050<\/p>\n<p>Sotot\u00f4les BP 9106 \u2013 Lom\u00e9, Togo T\u00e9l: +228 2274275.<\/p>\n<p><iframe style=\"border: 0;\" src=\"https:\/\/www.google.com\/maps\/embed?pb=!1m14!1m8!1m3!1d15589.028587395293!2d-1.5280008!3d12.3656999!3m2!1i1024!2i768!4f13.1!3m3!1m2!1s0x0%3A0xfb1e4ae09070e17!2sGroupe+Hage!5e0!3m2!1sfr!2sbf!4v1516803989352\" width=\"600\" height=\"450\" frameborder=\"0\" allowfullscreen=\"allowfullscreen\"><\/iframe><\/p>\n","protected":false},"excerpt":{"rendered":"<p>Direction G\u00e9n\u00e9rale 263, avenue de Bassawarga, 01 BP 915. Ouagadougou \u2013 Burkina Faso HAGE INDUSTRIE\/HAGE MATERIAUX commercial@groupehage.bf 25 30 68 28\/33 CENTRE COMMERCIAL centre.commercial@groupehage.bf 25 30 10 45\/46 Telecopie: 25 30 86 51 SIAB Cotonou, B\u00e9nin T\u00e9l: +229 20240050 Sotot\u00f4les BP 9106 \u2013 Lom\u00e9, Togo T\u00e9l: +228 2274275.<\/p>\n","protected":false},"author":1,"featured_media":0,"parent":0,"menu_order":0,"comment_status":"closed","ping_status":"closed","template":"","meta":{"footnotes":""},"class_list":["post-107","page","type-page","status-publish","hentry"],"_links":{"self":[{"href":"https:\/\/www.groupehage.bf\/index.php?rest_route=\/wp\/v2\/pages\/107","targetHints":{"allow":["GET"]}}],"collection":[{"href":"https:\/\/www.groupehage.bf\/index.php?rest_route=\/wp\/v2\/pages"}],"about":[{"href":"https:\/\/www.groupehage.bf\/index.php?rest_route=\/wp\/v2\/types\/page"}],"author":[{"embeddable":true,"href":"https:\/\/www.groupehage.bf\/index.php?rest_route=\/wp\/v2\/users\/1"}],"replies":[{"embeddable":true,"href":"https:\/\/www.groupehage.bf\/index.php?rest_route=%2Fwp%2Fv2%2Fcomments&post=107"}],"version-history":[{"count":4,"href":"https:\/\/www.groupehage.bf\/index.php?rest_route=\/wp\/v2\/pages\/107\/revisions"}],"predecessor-version":[{"id":461,"href":"https:\/\/www.groupehage.bf\/index.php?rest_route=\/wp\/v2\/pages\/107\/revisions\/461"}],"wp:attachment":[{"href":"https:\/\/www.groupehage.bf\/index.php?rest_route=%2Fwp%2Fv2%2Fmedia&parent=107"}],"curies":[{"name":"wp","href":"https:\/\/api.w.org\/{rel}","templated":true}]}}